{"id":16,"date":"2021-01-21T13:10:11","date_gmt":"2021-01-21T13:10:11","guid":{"rendered":"http:\/\/gpti.es\/?page_id=16"},"modified":"2021-01-21T13:10:11","modified_gmt":"2021-01-21T13:10:11","slug":"politica-de-privacidad","status":"publish","type":"page","link":"https:\/\/gpti.es\/?page_id=16","title":{"rendered":"Pol\u00edtica de privacidad"},"content":{"rendered":"<p>&nbsp;<\/p>\n<h1>Pol\u00edtica de Privacidad<\/h1>\n<p>&nbsp;<\/p>\n<h3><strong>Recolecci\u00f3n de la informaci\u00f3n<\/strong><\/h3>\n<p>Recogemos informaci\u00f3n sobre usted cuando se registra en nuestro sitio, ingresa a su cuenta, realiza una compra, participa en un concurso y\/o cuando cierra su sesi\u00f3n. La informaci\u00f3n recolectada incluye su nombre, direcci\u00f3n de correo electr\u00f3nico, n\u00famero de tel\u00e9fono y\/o de tarjeta de cr\u00e9dito.<\/p>\n<p>Adem\u00e1s, recibimos y registramos autom\u00e1ticamente informaci\u00f3n sobre su computadora y su navegador, incluyendo su direcci\u00f3n IP, programa y atributos de hardware, y la p\u00e1gina que solicit\u00f3.<\/p>\n<h3><strong>Uso de la informaci\u00f3n<\/strong><\/h3>\n<p>Cualquier informaci\u00f3n que recolectamos sobre usted puede ser utilizada para:<\/p>\n<p>Personalizar su experiencia y responder a sus necesidades individuales<\/p>\n<p>Proporcionar contenido publicitario personalizado<\/p>\n<p>Mejorar nuestro sitio web<\/p>\n<p>Mejorar el servicio al consumidor y sus necesidades de soporte<\/p>\n<p>Contactarlo por correo electr\u00f3nico<\/p>\n<p>Administrar un concurso, promoci\u00f3n o encuesta<\/p>\n<p>&nbsp;<\/p>\n<h3><strong>Privacidad del comercio electr\u00f3nico<\/strong><\/h3>\n<p>Nosotros somos los \u00fanicos propietarios de la informaci\u00f3n recolectada en este sitio. Su informaci\u00f3n de identificaci\u00f3n personal no ser\u00e1 vendida, intercambiada, transferida ni proporcionada a ninguna empresa de terceros por ninguna raz\u00f3n, sin su consentimiento, a menos que sea necesario para cumplir con una solicitud y\/o transacci\u00f3n, por ejemplo, para enviar un pedido.<\/p>\n<h3><strong>Divulgaci\u00f3n a terceros<\/strong><\/h3>\n<p>Nosotros no vendemos, intercambiamos, ni transferimos de ning\u00fan otro modo a terceros externos su informaci\u00f3n de identificaci\u00f3n personal. Esto no incluye terceros confiables que nos asisten para operar nuestro sitio web o llevar a cabo nuestro negocio, siempre que las partes acepten mantener esta informaci\u00f3n confidencial.<\/p>\n<p>Creemos que es necesario compartir informaci\u00f3n para investigar, prevenir o tomar medidas respecto a actividades ilegales, sospechas de fraude, situaciones que impliquen amenazas potenciales a la seguridad f\u00edsica de cualquier persona, violaciones de nuestros t\u00e9rminos de uso, o que de otra manera sea requerido por la ley.<\/p>\n<p>Sin embargo, la informaci\u00f3n no privada puede ser provista a terceros para usos de marketing, publicidad u otros.<\/p>\n<h3><strong>Protecci\u00f3n de la informaci\u00f3n<\/strong><\/h3>\n<p>Implementamos distintas medidas de seguridad para mantener la seguridad de su informaci\u00f3n personal. Utilizamos encriptaci\u00f3n de avanzada para proteger informaci\u00f3n confidencial transmitida en l\u00ednea. GPTI tambi\u00e9n protege su informaci\u00f3n sin conexi\u00f3n a internet. Solo los empleados que necesitan realizar una tarea espec\u00edfica (por ejemplo, la facturaci\u00f3n o atenci\u00f3n al cliente) tienen acceso a la informaci\u00f3n de identificaci\u00f3n personal. Las computadoras\/servidores usados para almacenar la informaci\u00f3n de identificaci\u00f3n personal est\u00e1n guardados en un entorno seguro.<\/p>\n<h3><strong>\u00bfUsamos cookies?<\/strong><\/h3>\n<p>S\u00ed. Nuestras cookies mejoran el acceso a nuestro sitio e identifican a los visitantes frecuentes. Lo que es m\u00e1s, nuestras cookies mejoran la experiencia del usuario haciendo un seguimiento de sus intereses. Sin embargo, este uso de cookies no est\u00e1 relacionado de ninguna manera a cualquier informaci\u00f3n de identificaci\u00f3n personal en nuestro sitio.<\/p>\n<p>&nbsp;<\/p>\n<h3><strong>Desuscribirse<\/strong><\/h3>\n<p>Utilizamos la direcci\u00f3n de correo electr\u00f3nico que usted proporcion\u00f3 para enviarle informaci\u00f3n y actualizaciones relacionadas con su pedido, noticias ocasionales de la empresa, informaci\u00f3n de productos relacionados, etc. Si en alg\u00fan momento usted quisiera desuscribirse para no recibir m\u00e1s correos electr\u00f3nicos futuros, incluimos instrucciones detalladas para finalizar la suscripci\u00f3n al pie de cada correo.<\/p>\n<p>&nbsp;<\/p>\n<h3><strong>Consentimiento<\/strong><\/h3>\n<p>Al utilizar nuestro sitio, usted brinda su consentimiento a nuestra pol\u00edtica de privacidad.<\/p>\n<p>&nbsp;<\/p>\n<p><em>Esta pol\u00edtica de privacidad\u00a0se ha\u00a0generado en\u00a0<\/em><a href=\"https:\/\/es.vpnmentor.com\/blog\/politica-de-privacidad-para-sitios-web-plantilla-gratis\/\"><em>es.vpnmentor.com<\/em><\/a><\/p>\n<p>&nbsp;<\/p>\n","protected":false},"excerpt":{"rendered":"<p>&nbsp; Pol\u00edtica de Privacidad &nbsp; Recolecci\u00f3n de la informaci\u00f3n Recogemos informaci\u00f3n sobre usted cuando se registra en nuestro sitio, ingresa a su cuenta, realiza una compra, participa en un concurso y\/o cuando cierra su sesi\u00f3n. La informaci\u00f3n recolectada incluye su nombre, direcci\u00f3n de correo electr\u00f3nico, n\u00famero de tel\u00e9fono y\/o de [&hellip;]<\/p>\n","protected":false},"author":1,"featured_media":0,"parent":0,"menu_order":0,"comment_status":"closed","ping_status":"closed","template":"","meta":{"footnotes":""},"class_list":["post-16","page","type-page","status-publish","hentry"],"yoast_head":"<!-- This site is optimized with the Yoast SEO plugin v26.9 - https:\/\/yoast.com\/product\/yoast-seo-wordpress\/ -->\n<title>Pol\u00edtica de privacidad - GPTI<\/title>\n<meta name=\"robots\" content=\"index, follow, max-snippet:-1, max-image-preview:large, max-video-preview:-1\" \/>\n<link rel=\"canonical\" href=\"https:\/\/gpti.es\/?page_id=16\" \/>\n<meta property=\"og:locale\" content=\"es_ES\" \/>\n<meta property=\"og:type\" content=\"article\" \/>\n<meta property=\"og:title\" content=\"Pol\u00edtica de privacidad - GPTI\" \/>\n<meta property=\"og:description\" content=\"&nbsp; Pol\u00edtica de Privacidad &nbsp; Recolecci\u00f3n de la informaci\u00f3n Recogemos informaci\u00f3n sobre usted cuando se registra en nuestro sitio, ingresa a su cuenta, realiza una compra, participa en un concurso y\/o cuando cierra su sesi\u00f3n. La informaci\u00f3n recolectada incluye su nombre, direcci\u00f3n de correo electr\u00f3nico, n\u00famero de tel\u00e9fono y\/o de [&hellip;]\" \/>\n<meta property=\"og:url\" content=\"https:\/\/gpti.es\/?page_id=16\" \/>\n<meta property=\"og:site_name\" content=\"GPTI\" \/>\n<meta name=\"twitter:card\" content=\"summary_large_image\" \/>\n<meta name=\"twitter:label1\" content=\"Tiempo de lectura\" \/>\n\t<meta name=\"twitter:data1\" content=\"3 minutos\" \/>\n<script type=\"application\/ld+json\" class=\"yoast-schema-graph\">{\"@context\":\"https:\/\/schema.org\",\"@graph\":[{\"@type\":\"WebPage\",\"@id\":\"https:\/\/gpti.es\/?page_id=16\",\"url\":\"https:\/\/gpti.es\/?page_id=16\",\"name\":\"Pol\u00edtica de privacidad - GPTI\",\"isPartOf\":{\"@id\":\"https:\/\/gpti.es\/#website\"},\"datePublished\":\"2021-01-21T13:10:11+00:00\",\"breadcrumb\":{\"@id\":\"https:\/\/gpti.es\/?page_id=16#breadcrumb\"},\"inLanguage\":\"es\",\"potentialAction\":[{\"@type\":\"ReadAction\",\"target\":[\"https:\/\/gpti.es\/?page_id=16\"]}]},{\"@type\":\"BreadcrumbList\",\"@id\":\"https:\/\/gpti.es\/?page_id=16#breadcrumb\",\"itemListElement\":[{\"@type\":\"ListItem\",\"position\":1,\"name\":\"Portada\",\"item\":\"https:\/\/gpti.es\/\"},{\"@type\":\"ListItem\",\"position\":2,\"name\":\"Pol\u00edtica de privacidad\"}]},{\"@type\":\"WebSite\",\"@id\":\"https:\/\/gpti.es\/#website\",\"url\":\"https:\/\/gpti.es\/\",\"name\":\"GPTI\",\"description\":\"Soluciones para la Industria\",\"publisher\":{\"@id\":\"https:\/\/gpti.es\/#organization\"},\"potentialAction\":[{\"@type\":\"SearchAction\",\"target\":{\"@type\":\"EntryPoint\",\"urlTemplate\":\"https:\/\/gpti.es\/?s={search_term_string}\"},\"query-input\":{\"@type\":\"PropertyValueSpecification\",\"valueRequired\":true,\"valueName\":\"search_term_string\"}}],\"inLanguage\":\"es\"},{\"@type\":\"Organization\",\"@id\":\"https:\/\/gpti.es\/#organization\",\"name\":\"GPTI\",\"url\":\"https:\/\/gpti.es\/\",\"logo\":{\"@type\":\"ImageObject\",\"inLanguage\":\"es\",\"@id\":\"https:\/\/gpti.es\/#\/schema\/logo\/image\/\",\"url\":\"https:\/\/gpti.es\/wp-content\/uploads\/2023\/12\/cropped-peque-1.png\",\"contentUrl\":\"https:\/\/gpti.es\/wp-content\/uploads\/2023\/12\/cropped-peque-1.png\",\"width\":512,\"height\":512,\"caption\":\"GPTI\"},\"image\":{\"@id\":\"https:\/\/gpti.es\/#\/schema\/logo\/image\/\"}}]}<\/script>\n<!-- \/ Yoast SEO plugin. -->","yoast_head_json":{"title":"Pol\u00edtica de privacidad - GPTI","robots":{"index":"index","follow":"follow","max-snippet":"max-snippet:-1","max-image-preview":"max-image-preview:large","max-video-preview":"max-video-preview:-1"},"canonical":"https:\/\/gpti.es\/?page_id=16","og_locale":"es_ES","og_type":"article","og_title":"Pol\u00edtica de privacidad - GPTI","og_description":"&nbsp; Pol\u00edtica de Privacidad &nbsp; Recolecci\u00f3n de la informaci\u00f3n Recogemos informaci\u00f3n sobre usted cuando se registra en nuestro sitio, ingresa a su cuenta, realiza una compra, participa en un concurso y\/o cuando cierra su sesi\u00f3n. La informaci\u00f3n recolectada incluye su nombre, direcci\u00f3n de correo electr\u00f3nico, n\u00famero de tel\u00e9fono y\/o de [&hellip;]","og_url":"https:\/\/gpti.es\/?page_id=16","og_site_name":"GPTI","twitter_card":"summary_large_image","twitter_misc":{"Tiempo de lectura":"3 minutos"},"schema":{"@context":"https:\/\/schema.org","@graph":[{"@type":"WebPage","@id":"https:\/\/gpti.es\/?page_id=16","url":"https:\/\/gpti.es\/?page_id=16","name":"Pol\u00edtica de privacidad - GPTI","isPartOf":{"@id":"https:\/\/gpti.es\/#website"},"datePublished":"2021-01-21T13:10:11+00:00","breadcrumb":{"@id":"https:\/\/gpti.es\/?page_id=16#breadcrumb"},"inLanguage":"es","potentialAction":[{"@type":"ReadAction","target":["https:\/\/gpti.es\/?page_id=16"]}]},{"@type":"BreadcrumbList","@id":"https:\/\/gpti.es\/?page_id=16#breadcrumb","itemListElement":[{"@type":"ListItem","position":1,"name":"Portada","item":"https:\/\/gpti.es\/"},{"@type":"ListItem","position":2,"name":"Pol\u00edtica de privacidad"}]},{"@type":"WebSite","@id":"https:\/\/gpti.es\/#website","url":"https:\/\/gpti.es\/","name":"GPTI","description":"Soluciones para la Industria","publisher":{"@id":"https:\/\/gpti.es\/#organization"},"potentialAction":[{"@type":"SearchAction","target":{"@type":"EntryPoint","urlTemplate":"https:\/\/gpti.es\/?s={search_term_string}"},"query-input":{"@type":"PropertyValueSpecification","valueRequired":true,"valueName":"search_term_string"}}],"inLanguage":"es"},{"@type":"Organization","@id":"https:\/\/gpti.es\/#organization","name":"GPTI","url":"https:\/\/gpti.es\/","logo":{"@type":"ImageObject","inLanguage":"es","@id":"https:\/\/gpti.es\/#\/schema\/logo\/image\/","url":"https:\/\/gpti.es\/wp-content\/uploads\/2023\/12\/cropped-peque-1.png","contentUrl":"https:\/\/gpti.es\/wp-content\/uploads\/2023\/12\/cropped-peque-1.png","width":512,"height":512,"caption":"GPTI"},"image":{"@id":"https:\/\/gpti.es\/#\/schema\/logo\/image\/"}}]}},"_links":{"self":[{"href":"https:\/\/gpti.es\/index.php?rest_route=\/wp\/v2\/pages\/16","targetHints":{"allow":["GET"]}}],"collection":[{"href":"https:\/\/gpti.es\/index.php?rest_route=\/wp\/v2\/pages"}],"about":[{"href":"https:\/\/gpti.es\/index.php?rest_route=\/wp\/v2\/types\/page"}],"author":[{"embeddable":true,"href":"https:\/\/gpti.es\/index.php?rest_route=\/wp\/v2\/users\/1"}],"replies":[{"embeddable":true,"href":"https:\/\/gpti.es\/index.php?rest_route=%2Fwp%2Fv2%2Fcomments&post=16"}],"version-history":[{"count":0,"href":"https:\/\/gpti.es\/index.php?rest_route=\/wp\/v2\/pages\/16\/revisions"}],"wp:attachment":[{"href":"https:\/\/gpti.es\/index.php?rest_route=%2Fwp%2Fv2%2Fmedia&parent=16"}],"curies":[{"name":"wp","href":"https:\/\/api.w.org\/{rel}","templated":true}]}}